{"id":755,"date":"2021-06-21T10:14:11","date_gmt":"2021-06-21T07:14:11","guid":{"rendered":"http:\/\/www.garozaspamatskola.lv\/pirmsskola\/?page_id=755"},"modified":"2022-12-01T17:03:51","modified_gmt":"2022-12-01T15:03:51","slug":"edinasana","status":"publish","type":"page","link":"https:\/\/www.garozaspamatskola.lv\/pirmsskola\/sakumlapa\/edinasana\/","title":{"rendered":"\u0112din\u0101\u0161ana"},"content":{"rendered":"<h3>\u0112dienkarte rudens &#8211; ziemas sezonai:<\/h3>\n<p>&nbsp;<\/p>\n<p>&nbsp;<\/p>\n<p>&nbsp;<\/p>\n<h3>\u0112din\u0101\u0161anas pakalpojumus iest\u0101d\u0113 sniedz:<\/h3>\n<p><strong><em>Uz\u0146\u0113mums:<\/em><\/strong> SIA &#8220;Rub\u012bnss&#8221;<\/p>\n<p><em><strong>PVN re\u0123.nr.<\/strong><\/em>: LV43603061322<br \/>\n<em><strong>Telefons:<\/strong><\/em> 20031323<br \/>\n<em><strong>E-pasts:<\/strong><\/em> sia_rubins@inbox.lv<\/p>\n<p><em><strong>Banka:<\/strong> <\/em>AS Swedbank<\/p>\n<p><em><strong>Nor\u0113\u0137inu konts:<\/strong><\/em> LV57HABA0551052452032<\/p>\n<h3>Samaksas k\u0101rt\u012bba par \u0113din\u0101\u0161anu<\/h3>\n<h4>1.Samaksas noteikumi:<\/h4>\n<p>Izgl\u012btojamajiem, kuri apg\u016bst pirmsskolas izgl\u012bt\u012bbas programmu un ir deklar\u0113ti Jelgavas novada administrat\u012bvaj\u0101 teritorij\u0101 un vismaz viens no izgl\u012btojam\u0101 likumiskajiem p\u0101rst\u0101vjiem ir deklar\u0113ts Jelgavas novada administrat\u012bvaj\u0101 teritorij\u0101, pa\u0161vald\u012bba piln\u012bb\u0101 sedz pusdienu izmaksas.<\/p>\n<p>Ja b\u0113rns nav deklar\u0113ts Jelgavas novada administrat\u012bvaj\u0101 teritorij\u0101, vec\u0101ki sl\u0113dz l\u012bgumu ar \u0113din\u0101\u0161anas pakalpojuma sniedz\u0113ju un veic ikm\u0113ne\u0161a maks\u0101jumus atbilsto\u0161i sa\u0146emtajam r\u0113\u0137inam.<\/p>\n<p>Jelgavas novada administrat\u012bvaj\u0101 teritorij\u0101 nedeklar\u0113tajiem pirmsskolas izgl\u012btojamajiem maksa par \u0113din\u0101\u0161anu dien\u0101 ir 3,80 EUR ar PVN par 3 \u0113dienreiz\u0113m\u00a0 (brokastis, pusdienas, launags).<\/p>\n<p>Jelgavas novada administrat\u012bvaj\u0101 teritorij\u0101 deklar\u0113tajiem pirmsskolas izgl\u012btojamajiem maksa par \u0113din\u0101\u0161anu dien\u0101 ir 1,80 EUR ar PVN par 3 \u0113dienreiz\u0113m\u00a0 (brokastis, pusdienas, launags).<\/p>\n<p>Likumiskais p\u0101rst\u0101vis raksta rakstisku iesniegumu, ja izgl\u012btojamais neapmekl\u0113s regul\u0101ri k\u0101du no \u0113dienreiz\u0113m. Iesniegums atjaunojams katru m\u0101c\u012bbu gadu uz 1.septembri.<\/p>\n<h4>2. Apmaksas k\u0101rt\u012bba vec\u0101kiem:<\/h4>\n<p>Samaksa par \u0113din\u0101\u0161anas pakalpojumiem tiek veikta ar p\u0101rskait\u012bjumu uz r\u0113\u0137in\u0101 nor\u0101d\u012bto bankas kontu r\u0113\u0137in\u0101 nor\u0101d\u012btaj\u0101 termi\u0146\u0101.<\/p>\n<p>Nepiecie\u0161am\u0101 inform\u0101cija, kas OBLIG\u0100TI ir j\u0101nor\u0101da, maks\u0101jot ar bankas p\u0101rskait\u012bjumu:<br \/>\n&#8211; Skolas nosaukums,<br \/>\n&#8211; B\u0113rna v\u0101rds un uzv\u0101rds,<br \/>\n&#8211; Pirmsskolas grupa, kur\u0101 m\u0101c\u0101s,<br \/>\n&#8211; Maks\u0101juma periods.<\/p>\n<p>&nbsp;<\/p>\n<p>&nbsp;<\/p>\n<p>&nbsp;<\/p>\n","protected":false},"excerpt":{"rendered":"<p>\u0112dienkarte rudens &#8211; ziemas sezonai: &nbsp; &nbsp; &nbsp; \u0112din\u0101\u0161anas pakalpojumus iest\u0101d\u0113 sniedz: Uz\u0146\u0113mums: SIA &#8220;Rub\u012bnss&#8221; PVN re\u0123.nr.: LV43603061322 Telefons: 20031323 E-pasts: sia_rubins@inbox.lv Banka: AS Swedbank Nor\u0113\u0137inu konts: LV57HABA0551052452032 Samaksas k\u0101rt\u012bba par \u0113din\u0101\u0161anu 1.Samaksas noteikumi: Izgl\u012btojamajiem, kuri apg\u016bst pirmsskolas izgl\u012bt\u012bbas programmu un ir deklar\u0113ti Jelgavas novada administrat\u012bvaj\u0101 teritorij\u0101 un vismaz viens no izgl\u012btojam\u0101 likumiskajiem p\u0101rst\u0101vjiem ir [&hellip;]<\/p>\n","protected":false},"author":1,"featured_media":0,"parent":7,"menu_order":0,"comment_status":"closed","ping_status":"closed","template":"","meta":{"_acf_changed":false,"footnotes":""},"class_list":["post-755","page","type-page","status-publish","hentry"],"acf":[],"_links":{"self":[{"href":"https:\/\/www.garozaspamatskola.lv\/pirmsskola\/wp-json\/wp\/v2\/pages\/755","targetHints":{"allow":["GET"]}}],"collection":[{"href":"https:\/\/www.garozaspamatskola.lv\/pirmsskola\/wp-json\/wp\/v2\/pages"}],"about":[{"href":"https:\/\/www.garozaspamatskola.lv\/pirmsskola\/wp-json\/wp\/v2\/types\/page"}],"author":[{"embeddable":true,"href":"https:\/\/www.garozaspamatskola.lv\/pirmsskola\/wp-json\/wp\/v2\/users\/1"}],"replies":[{"embeddable":true,"href":"https:\/\/www.garozaspamatskola.lv\/pirmsskola\/wp-json\/wp\/v2\/comments?post=755"}],"version-history":[{"count":10,"href":"https:\/\/www.garozaspamatskola.lv\/pirmsskola\/wp-json\/wp\/v2\/pages\/755\/revisions"}],"predecessor-version":[{"id":2207,"href":"https:\/\/www.garozaspamatskola.lv\/pirmsskola\/wp-json\/wp\/v2\/pages\/755\/revisions\/2207"}],"up":[{"embeddable":true,"href":"https:\/\/www.garozaspamatskola.lv\/pirmsskola\/wp-json\/wp\/v2\/pages\/7"}],"wp:attachment":[{"href":"https:\/\/www.garozaspamatskola.lv\/pirmsskola\/wp-json\/wp\/v2\/media?parent=755"}],"curies":[{"name":"wp","href":"https:\/\/api.w.org\/{rel}","templated":true}]}}